rue
Does 26 divide 988?
True
Is 10 a factor of 5020?
True
Is 15296 even?
True
Is 18360 a multiple of 36?
True
Is 7 a factor of 718?
False
Does 13 divide 2203?
False
Is 4 a factor of 207?
False
Does 41 divide 1107?
True
Does 133 divide 7782?
False
Is 14 a factor of 560?
True
Does 11 divide 900?
False
Does 10 divide 510?
True
Is 1687 a multiple of 14?
False
Is 2 a factor of 16?
True
Is 41136 a multiple of 5?
False
Is 4306 a multiple of 36?
False
Does 62 divide 1137?
False
Is 1243 a multiple of 3?
False
Is 8 a factor of 56?
True
Is 27084 a multiple of 122?
True
Does 8 divide 5706?
False
Is 18 a factor of 65?
False
Is 29 a factor of 22842?
False
Does 56 divide 2800?
True
Does 268 divide 83039?
False
Is 4261 a multiple of 29?
False
Does 4 divide 4092?
True
Is 14 a factor of 45528?
True
Does 7 divide 492?
False
Does 28 divide 1736?
True
Is 9 a factor of 8043?
False
Is 35 a multiple of 8?
False
Does 5 divide 400?
True
Does 8 divide 740?
False
Is 3150 a multiple of 5?
True
Is 1375 a multiple of 6?
False
Does 2 divide 8584?
True
Is 21 a factor of 1533?
True
Is 47 even?
False
Does 41 divide 9851?
False
Does 19 divide 203?
False
Is 6 a factor of 13699?
False
Is 5713 a multiple of 29?
True
Does 40 divide 80?
True
Is 785 a multiple of 91?
False
Is 60 a factor of 113?
False
Is 3032 a multiple of 60?
False
Is 15 a factor of 300?
True
Is 3516 a multiple of 5?
False
Is 43 a factor of 151?
False
Does 24 divide 92?
False
Is 117 a multiple of 9?
True
Is 9 a factor of 1656?
True
Is 96 a factor of 1440?
True
Does 20 divide 2300?
True
Does 6 divide 702?
True
Is 14 a factor of 20398?
True
Is 45 a factor of 41355?
True
Is 3864 a multiple of 11?
False
Does 22 divide 78356?
False
Is 18 a factor of 38809?
False
Is 10705 a multiple of 8?
False
Does 7 divide 441?
True
Does 402 divide 97994?
False
Is 11 a factor of 1155?
True
Is 380 a multiple of 10?
True
Is 1594 a multiple of 2?
True
Does 18 divide 203?
False
Is 39 a factor of 1794?
True
Is 12 a factor of 8354?
False
Is 198 a multiple of 22?
True
Does 31 divide 18042?
True
Is 11 a factor of 11551?
False
Is 16 a factor of 3152?
True
Does 38 divide 1862?
True
Is 24 a factor of 936?
True
Does 231 divide 40896?
False
Does 29 divide 5495?
False
Does 92 divide 2208?
True
Is 7 a factor of 25062?
False
Does 9 divide 333?
True
Is 253 a multiple of 23?
True
Is 35 a multiple of 7?
True
Is 19292 a multiple of 53?
True
Does 29 divide 5017?
True
Is 4176 a multiple of 31?
False
Is 14190 a multiple of 57?
False
Is 20718 a multiple of 7?
False
Is 131260 a multiple of 20?
True
Does 55 divide 3095?
False
Is 23 a factor of 230?
True
Is 44 a factor of 1483?
False
Is 8 a factor of 256?
True
Is 5 a factor of 33?
False
Does 173 divide 77860?
False
Is 874 a multiple of 46?
True
Does 138 divide 2860?
False
Does 26 divide 312?
True
Is 14 a factor of 3626?
True
Is 27 a factor of 40554?
True
Does 30 divide 4234?
False
Is 36108 a multiple of 36?
True
Does 47 divide 376?
True
Is 1206 a multiple of 3?
True
Is 10 a factor of 536?
False
Does 30 divide 1513?
False
Does 63 divide 12600?
True
Is 8484 a multiple of 4?
True
Does 52 divide 852?
False
Is 2392 a multiple of 13?
True
Does 32 divide 11584?
True
Is 609 a multiple of 6?
False
Is 69 a factor of 3036?
True
Is 71 a factor of 6674?
True
Does 48 divide 19008?
True
Is 9 a factor of 979?
False
Is 76 a factor of 1282?
False
Is 48 a factor of 17280?
True
Is 1069 a multiple of 71?
False
Is 2 a factor of 18?
True
Is 3096 a multiple of 129?
True
Does 10 divide 200?
True
Does 3 divide 452?
False
Does 6 divide 78?
True
Is 19 a factor of 5594?
False
Is 26 a factor of 5512?
True
Is 43 a factor of 1212?
False
Is 13 a factor of 3406?
True
Is 5021 a multiple of 12?
False
Is 83 a factor of 355?
False
Does 33 divide 4092?
True
Is 12 a factor of 42201?
False
Does 23 divide 276?
True
Is 27 a factor of 1498?
False
Is 26551 a multiple of 130?
False
Is 69 a multiple of 23?
True
Does 85 divide 44109?
False
Is 28 a factor of 149?
False
Is 32 a factor of 5991?
False
Does 12 divide 1776?
True
Does 50 divide 12782?
False
Is 58 a factor of 15836?
False
Is 8 a factor of 1397?
False
Does 7 divide 1613?
False
Is 1792 a multiple of 67?
False
Is 132 a factor of 92760?
False
Is 22 a factor of 1874?
False
Does 45 divide 29447?
False
Is 20 a factor of 240?
True
Does 70 divide 1330?
True
Is 144 a multiple of 9?
True
Does 290 divide 91640?
True
Does 112 divide 26880?
True
Is 72 a factor of 576?
True
Is 1312 a multiple of 34?
False
Does 8 divide 8336?
True
Is 14 a factor of 20305?
False
Does 30 divide 433?
False
Does 138 divide 3902?
False
Does 49 divide 613?
False
Does 41 divide 38376?
True
Is 79152 a multiple of 97?
True
Is 138 a factor of 43411?
False
Is 10 a factor of 2224?
False
Is 898 a multiple of 15?
False
Does 141 divide 1247?
False
Is 784 a multiple of 16?
True
Is 320 a multiple of 4?
True
Is 15750 a multiple of 50?
True
Does 17 divide 1853?
True
Is 3267 a multiple of 297?
True
Does 6 divide 1170?
True
Is 22 a multiple of 12?
False
Is 18 a multiple of 9?
True
Is 4113 a multiple of 9?
True
Does 11 divide 15455?
True
Is 8 a factor of 2960?
True
Is 20 a factor of 124940?
True
Does 135 divide 42255?
True
Is 11084 a multiple of 33?
False
Does 118 divide 2242?
True
Does 34 divide 2856?
True
Does 6 divide 26052?
True
Is 12 a factor of 10937?
False
Does 63 divide 13230?
True
Is 214 a multiple of 12?
False
Does 16 divide 9324?
False
Is 155 a multiple of 2?
False
Does 9 divide 4005?
True
Is 16 a factor of 944?
True
Is 126 a multiple of 14?
True
Is 10 a factor of 471?
False
Is 13 a factor of 188?
False
Is 36348 a multiple of 156?
True
Does 59 divide 2773?
True
Does 80 divide 6080?
True
Is 13 a factor of 19288?
False
Is 936 a multiple of 26?
True
Is 58 a factor of 580?
True
Is 3572 a multiple of 16?
False
Does 106 divide 4899?
False
Is 38 a factor of 19460?
False
Is 14 a factor of 81956?
True
Is 6 a factor of 13289?
False
Does 8 divide 268?
False
Does 10 divide 622?
False
Does 41 divide 615?
True
Does 29 divide 783?
True
Is 25 a factor of 1411?
False
Is 41485 a multiple of 5?
True
Is 36 a multiple of 2?
True
Is 594 a multiple of 13?
False
Does 96 divide 9792?
True
Is 20760 a multiple of 30?
True
Is 3266 a multiple of 33?
False
Is 11446 a multiple of 4?
False
Does 5 divide 20?
True
Is 8249 a multiple of 102?
False
Is 17 a factor of 18?
False
Is 75 a factor of 11501?
False
Is 3241 a multiple of 23?
False
Is 1023 a multiple of 11?
True
Is 6 a factor of 888?
True
Does 16 divide 22211?
False
Is 30 a factor of 4777?
False
Is 12 a factor of 10980?
True
Does 33 divide 36?
False
Does 9 divide 909?
True
Is 3159 a multiple of 9?
True
Is 2 a factor of 46?
True
Does 97 divide 2107?
False
Is 279 a factor of 69234?
False
Does 6 divide 816?
True
Does 55 divide 8696?
False
Does 12 divide 14659?
False
Does 39 divide 8190?
True
Does 17 divide 1225?
False
Does 16 divide 2800?
True
Does 5 divide 145?
True
Does 41 divide 3116?
True
Is 89 a factor of 4256?
False
Is 13 a factor of 1859?
True
Does 36 divide 129381?
False
Is 19 a factor of 530?
False
Is 494 a multiple of 15?
False
Is 174 a factor of 3624?
False
Does 11 divide 4465?
False
Is 15 a factor of 1125?
True
Does 2 divide 285?
False
Is 11581 a multiple of 40?
False
Is 7 a factor of 7007?
True
Is 57 a factor of 11286?
True
Is 13 a factor of 4324?
False
Is 24 a factor of 1224?
True
Is 65 a factor of 1143?
False
Does 2 divide 48?
True
Does 11 divide 89278?
False
Is 6 a factor of 23170?
False
Does 9 divide 50?
False
Is 672 a multiple of 16?
True
Is 13 a factor of 2561?
True
Does 75 divide 5400?
True
Is 64 a factor of 74944?
True
Is 3780 a multiple of 15?
True
Is 49 a factor of 8673?
True
Is 1590 a multiple of 18?
False
Is 84 a factor of 23856?
True
Is 98256 a multiple of 89?
True
Does 60 divide 321?
False
Is 20 a factor of 88?
False
Is 1059 a multiple of 4?
False
Does 51 divide 81396?
True
Is 79 a factor of 48924?
False
Is 16 a factor of 7147?
False
Is 768 a multiple of 96?
True
Is 27 a factor of 54?
True
Does 11 divide 3882?
False
Does 84 divide 7201?
False
Is 1167 a multiple of 23?
False
Does 32 divide 300?
False
Is 49 a factor of 8085?
True
Is 231 a factor of 27258?
True
Does 11 divide 6791?
False
Is 3 a factor of 1353?
True
Is 29 a factor of 2724?
False
Is 1295 a multiple of 7?
True
Does 10 divide 4520?
True